git of 7040681?
1
What is the units digit of 6356710?
0
What is the units digit of 22462337?
7
What is the ten thousands digit of 413705?
1
What is the tens digit of 7757834?
3
What is the tens digit of 253688?
8
What is the units digit of 4087010?
0
What is the tens digit of 449865?
6
What is the hundreds digit of 1264839?
8
What is the hundred thousands digit of 5040456?
0
What is the hundred thousands digit of 1193067?
1
What is the thousands digit of 260382?
0
What is the thousands digit of 1230210?
0
What is the units digit of 208871?
1
What is the ten thousands digit of 1305826?
0
What is the thousands digit of 353637?
3
What is the units digit of 128943?
3
What is the hundred thousands digit of 13610419?
6
What is the thousands digit of 16791808?
1
What is the hundred thousands digit of 3118506?
1
What is the tens digit of 836998?
9
What is the thousands digit of 398289?
8
What is the hundred thousands digit of 4975938?
9
What is the ten thousands digit of 41133?
4
What is the tens digit of 218764?
6
What is the hundred thousands digit of 9290496?
2
What is the ten thousands digit of 1547068?
4
What is the hundreds digit of 411800?
8
What is the hundred thousands digit of 126044?
1
What is the thousands digit of 1100157?
0
What is the hundreds digit of 197079?
0
What is the hundred thousands digit of 144131?
1
What is the units digit of 41537?
7
What is the thousands digit of 286542?
6
What is the ten thousands digit of 4531128?
3
What is the units digit of 8055917?
7
What is the units digit of 2657589?
9
What is the ten thousands digit of 4197074?
9
What is the units digit of 477922?
2
What is the hundreds digit of 4758894?
8
What is the thousands digit of 813107?
3
What is the units digit of 155358?
8
What is the tens digit of 529808?
0
What is the ten thousands digit of 1867191?
6
What is the thousands digit of 13471821?
1
What is the units digit of 4171368?
8
What is the thousands digit of 751381?
1
What is the hundreds digit of 9358353?
3
What is the units digit of 398878?
8
What is the hundreds digit of 650061?
0
What is the tens digit of 394881?
8
What is the tens digit of 425871?
7
What is the hundred thousands digit of 1434558?
4
What is the units digit of 3348508?
8
What is the hundreds digit of 939336?
3
What is the thousands digit of 376604?
6
What is the units digit of 438807?
7
What is the millions digit of 4602417?
4
What is the thousands digit of 30639272?
9
What is the thousands digit of 67065?
7
What is the hundred thousands digit of 412335?
4
What is the hundred thousands digit of 1228117?
2
What is the thousands digit of 222714?
2
What is the units digit of 8865146?
6
What is the hundred thousands digit of 9297215?
2
What is the tens digit of 369259?
5
What is the thousands digit of 298986?
8
What is the millions digit of 5021195?
5
What is the units digit of 7507913?
3
What is the ten thousands digit of 3351208?
5
What is the ten thousands digit of 2601144?
0
What is the hundred thousands digit of 373414?
3
What is the millions digit of 14579448?
4
What is the units digit of 23533666?
6
What is the units digit of 493789?
9
What is the units digit of 8499566?
6
What is the tens digit of 361934?
3
What is the millions digit of 6965610?
6
What is the thousands digit of 820675?
0
What is the millions digit of 1787465?
1
What is the thousands digit of 139307?
9
What is the hundred thousands digit of 2145994?
1
What is the tens digit of 245005?
0
What is the ten millions digit of 15101059?
1
What is the hundred thousands digit of 1511099?
5
What is the ten thousands digit of 863092?
6
What is the units digit of 1156761?
1
What is the units digit of 495459?
9
What is the hundred thousands digit of 842226?
8
What is the tens digit of 18023800?
0
What is the units digit of 255499?
9
What is the millions digit of 2435422?
2
What is the millions digit of 6754093?
6
What is the hundreds digit of 107533?
5
What is the hundred thousands digit of 1252152?
2
What is the tens digit of 7055178?
7
What is the hundred thousands digit of 3830156?
8
What is the tens digit of 23979312?
1
What is the millions digit of 4938634?
4
What is the millions digit of 7003647?
7
What is the units digit of 109060?
0
What is the hundred thousands digit of 222633?
2
What is the tens digit of 24759718?
1
What is the units digit of 17488186?
6
What is the thousands digit of 5793212?
3
What is the tens digit of 155013?
1
What is the tens digit of 12465794?
9
What is the tens digit of 16689188?
8
What is the tens digit of 435465?
6
What is the hundreds digit of 4246136?
1
What is the units digit of 2838734?
4
What is the ten thousands digit of 19503983?
0
What is the tens digit of 7397204?
0
What is the ten thousands digit of 144979?
4
What is the thousands digit of 746781?
6
What is the hundred thousands digit of 5700546?
7
What is the thousands digit of 738428?
8
What is the tens digit of 811129?
2
What is the tens digit of 9909663?
6
What is the units digit of 1344426?
6
What is the units digit of 61603?
3
What is the thousands digit of 663334?
3
What is the millions digit of 3372021?
3
What is the ten thousands digit of 1693840?
9
What is the hundreds digit of 1610473?
4
What is the thousands digit of 4719110?
9
What is the hundreds digit of 415385?
3
What is the tens digit of 36748?
4
What is the tens digit of 2133581?
8
What is the tens digit of 799023?
2
What is the hundred thousands digit of 4422642?
4
What is the units digit of 828003?
3
What is the hundred thousands digit of 1077306?
0
What is the units digit of 220547?
7
What is the ten thousands digit of 4530863?
3
What is the hundred thousands digit of 7737231?
7
What is the thousands digit of 1238691?
8
What is the hundreds digit of 151096?
0
What is the units digit of 28878?
8
What is the tens digit of 203613?
1
What is the units digit of 3896726?
6
What is the tens digit of 60122?
2
What is the hundred thousands digit of 3475370?
4
What is the hundreds digit of 7518400?
4
What is the units digit of 28624554?
4
What is the hundreds digit of 13483218?
2
What is the units digit of 2398529?
9
What is the thousands digit of 1011328?
1
What is the units digit of 1225180?
0
What is the hundreds digit of 15777521?
5
What is the hundreds digit of 3159691?
6
What is the hundred thousands digit of 340412?
3
What is the tens digit of 106512?
1
What is the ten thousands digit of 1159732?
5
What is the units digit of 1457565?
5
What is the hundred thousands digit of 4471622?
4
What is the thousands digit of 530023?
0
What is the hundred thousands digit of 460175?
4
What is the tens digit of 12114652?
5
What is the millions digit of 11070167?
1
What is the hundreds digit of 117598?
5
What is the tens digit of 5098951?
5
What is the thousands digit of 4586805?
6
What is the thousands digit of 121822?
1
What is the millions digit of 2315334?
2
What is the thousands digit of 191991?
1
What is the tens digit of 4602571?
7
What is the tens digit of 316672?
7
What is the hundred thousands digit of 237012?
2
What is the ten thousands digit of 1507155?
0
What is the units digit of 106105?
5
What is the hundred thousands digit of 1613601?
6
What is the thousands digit of 1205374?
5
What is the ten thousands digit of 10999632?
9
What is the units digit of 4368505?
5
What is the hundreds digit of 13422966?
9
What is the tens digit of 11031967?
6
What is the thousands digit of 4931399?
1
What is the ten thousands digit of 264478?
6
What is the units digit of 981076?
6
What is the millions digit of 7285592?
7
What is the thousands digit of 1843212?
3
What is the units digit of 4183533?
3
What is the ten millions digit of 10493271?
1
What is the millions digit of 5577412?
5
What is the millions digit of 4453329?
4
What is the ten thousands digit of 137025?
3
What is the units digit of 1948997?
7
What is the thousands digit of 4661501?
1
What is the hundreds digit of 57043?
0
What is the ten thousands digit of 18828232?
2
What is the thousands digit of 1859563?
9
What is the ten thousands digit of 1705818?
0
What is the tens digit of 302175?
7
What is the ten thousands digit of 8024560?
2
What is the millions digit of 1110280?
1
What is the tens digit of 241433?
3
What is the millions digit of 5286962?
5
What is th